digit of 8443341?
1
What is the millions digit of 1146603?
1
What is the hundreds digit of 727514?
5
What is the ten thousands digit of 843868?
4
What is the units digit of 193080?
0
What is the ten thousands digit of 22253?
2
What is the hundred thousands digit of 187296?
1
What is the tens digit of 719027?
2
What is the hundreds digit of 283505?
5
What is the units digit of 1698616?
6
What is the units digit of 323493?
3
What is the hundreds digit of 1091793?
7
What is the thousands digit of 487955?
7
What is the thousands digit of 274295?
4
What is the units digit of 58646?
6
What is the hundred thousands digit of 3056770?
0
What is the tens digit of 432416?
1
What is the hundreds digit of 7663842?
8
What is the units digit of 185609?
9
What is the thousands digit of 102059?
2
What is the thousands digit of 5147518?
7
What is the ten thousands digit of 14400?
1
What is the millions digit of 2124782?
2
What is the tens digit of 5123649?
4
What is the ten thousands digit of 21032?
2
What is the units digit of 520035?
5
What is the tens digit of 211838?
3
What is the tens digit of 3047184?
8
What is the tens digit of 8764417?
1
What is the hundreds digit of 233029?
0
What is the thousands digit of 150441?
0
What is the hundreds digit of 417788?
7
What is the hundreds digit of 6698237?
2
What is the millions digit of 2555848?
2
What is the tens digit of 123385?
8
What is the hundred thousands digit of 9915989?
9
What is the hundred thousands digit of 126974?
1
What is the units digit of 1574954?
4
What is the units digit of 413228?
8
What is the thousands digit of 45845?
5
What is the hundred thousands digit of 416476?
4
What is the units digit of 2203866?
6
What is the tens digit of 1750517?
1
What is the millions digit of 1195870?
1
What is the units digit of 723566?
6
What is the thousands digit of 263811?
3
What is the ten thousands digit of 2192856?
9
What is the millions digit of 36699350?
6
What is the hundreds digit of 1240985?
9
What is the tens digit of 483876?
7
What is the tens digit of 123021?
2
What is the hundred thousands digit of 1301092?
3
What is the hundreds digit of 461661?
6
What is the units digit of 81708?
8
What is the thousands digit of 5482775?
2
What is the ten thousands digit of 76021?
7
What is the hundreds digit of 2094823?
8
What is the ten thousands digit of 574928?
7
What is the ten millions digit of 18743589?
1
What is the hundred thousands digit of 700270?
7
What is the tens digit of 1809121?
2
What is the units digit of 441555?
5
What is the hundred thousands digit of 1865514?
8
What is the hundred thousands digit of 1370829?
3
What is the tens digit of 2379581?
8
What is the ten thousands digit of 2013794?
1
What is the hundreds digit of 2611536?
5
What is the thousands digit of 69654?
9
What is the thousands digit of 597849?
7
What is the tens digit of 62537?
3
What is the tens digit of 4396681?
8
What is the thousands digit of 45956?
5
What is the units digit of 132087?
7
What is the ten thousands digit of 15762771?
6
What is the units digit of 309701?
1
What is the tens digit of 30947650?
5
What is the tens digit of 372383?
8
What is the ten thousands digit of 865488?
6
What is the units digit of 94178?
8
What is the ten thousands digit of 2469256?
6
What is the tens digit of 2469894?
9
What is the ten thousands digit of 94906?
9
What is the units digit of 43780?
0
What is the hundred thousands digit of 856110?
8
What is the ten millions digit of 10197404?
1
What is the ten thousands digit of 7197929?
9
What is the millions digit of 2223076?
2
What is the hundred thousands digit of 561735?
5
What is the hundred thousands digit of 1027689?
0
What is the units digit of 5340827?
7
What is the ten thousands digit of 873598?
7
What is the units digit of 11736999?
9
What is the thousands digit of 11558252?
8
What is the units digit of 531252?
2
What is the millions digit of 11351840?
1
What is the tens digit of 1571367?
6
What is the tens digit of 627813?
1
What is the hundreds digit of 984651?
6
What is the hundreds digit of 656698?
6
What is the tens digit of 1663088?
8
What is the units digit of 1037503?
3
What is the ten thousands digit of 705614?
0
What is the millions digit of 1999740?
1
What is the units digit of 5678981?
1
What is the hundreds digit of 639346?
3
What is the hundreds digit of 6481556?
5
What is the hundred thousands digit of 436888?
4
What is the tens digit of 19155?
5
What is the tens digit of 15433?
3
What is the units digit of 344371?
1
What is the tens digit of 966331?
3
What is the ten thousands digit of 1326493?
2
What is the thousands digit of 10917001?
7
What is the tens digit of 894174?
7
What is the thousands digit of 191798?
1
What is the hundreds digit of 673420?
4
What is the tens digit of 11144285?
8
What is the millions digit of 2113611?
2
What is the hundreds digit of 13718984?
9
What is the thousands digit of 14326214?
6
What is the units digit of 339527?
7
What is the hundred thousands digit of 629504?
6
What is the ten thousands digit of 9460043?
6
What is the units digit of 36324557?
7
What is the units digit of 2137326?
6
What is the hundred thousands digit of 14852622?
8
What is the tens digit of 75421?
2
What is the hundreds digit of 705631?
6
What is the thousands digit of 15530893?
0
What is the millions digit of 3342454?
3
What is the millions digit of 2313493?
2
What is the thousands digit of 1924211?
4
What is the units digit of 943?
3
What is the units digit of 39762?
2
What is the ten thousands digit of 9667114?
6
What is the tens digit of 26153311?
1
What is the hundreds digit of 706178?
1
What is the tens digit of 4931921?
2
What is the thousands digit of 595729?
5
What is the hundred thousands digit of 625722?
6
What is the thousands digit of 116102?
6
What is the millions digit of 1636972?
1
What is the tens digit of 5961191?
9
What is the hundreds digit of 139236?
2
What is the tens digit of 1453448?
4
What is the hundreds digit of 474872?
8
What is the hundreds digit of 36811109?
1
What is the units digit of 166080?
0
What is the tens digit of 1219083?
8
What is the millions digit of 12571830?
2
What is the tens digit of 116757?
5
What is the millions digit of 8311229?
8
What is the tens digit of 1033601?
0
What is the units digit of 16813?
3
What is the hundred thousands digit of 264537?
2
What is the millions digit of 7048026?
7
What is the units digit of 1447704?
4
What is the hundreds digit of 686177?
1
What is the ten thousands digit of 2423803?
2
What is the hundreds digit of 32387709?
7
What is the hundred thousands digit of 321532?
3
What is the tens digit of 273926?
2
What is the ten thousands digit of 587320?
8
What is the tens digit of 591566?
6
What is the millions digit of 7390574?
7
What is the hundred thousands digit of 161326?
1
What is the units digit of 8695389?
9
What is the ten thousands digit of 19023?
1
What is the ten thousands digit of 1175435?
7
What is the ten thousands digit of 8526421?
2
What is the tens digit of 810371?
7
What is the hundred thousands digit of 1800703?
8
What is the hundreds digit of 1408052?
0
What is the thousands digit of 97861?
7
What is the thousands digit of 27513087?
3
What is the units digit of 101930?
0
What is the hundred thousands digit of 253776?
2
What is the hundreds digit of 6140885?
8
What is the thousands digit of 7887079?
7
What is the millions digit of 8284630?
8
What is the hundreds digit of 28768?
7
What is the units digit of 10332515?
5
What is the units digit of 60567?
7
What is the ten millions digit of 43597315?
4
What is the hundred thousands digit of 744249?
7
What is the tens digit of 9169639?
3
What is the hundreds digit of 1199516?
5
What is the thousands digit of 19371037?
1
What is the thousands digit of 4976182?
6
What is the millions digit of 3795460?
3
What is the ten thousands digit of 27813505?
1
What is the units digit of 4009752?
2
What is the units digit of 2760304?
4
What is the tens digit of 395688?
8
What is the tens digit of 4544515?
1
What is the ten thousands digit of 151226?
5
What is the units digit of 269016?
6
What is the units digit of 2610297?
7
What is the millions digit of 2324246?
2
What is the hundred thousands digit of 2227823?
2
What is the hun